 8. What is the tens digit of z(v)?
4
Let v = -102 - -106. What is the units digit of 849/v + 24/32?
3
Let j(z) be the second derivative of z**3/6 + 19*z**2/2 - 2*z. Let d be j(-17). What is the tens digit of (-82)/(-4) - (-3)/d?
2
Let z = 6296 + -3509. What is the hundreds digit of z?
7
Suppose -a = -61 - 174. What is the tens digit of a?
3
Let w(f) = 7*f**3 + 5*f**2 - 5*f - 153. Let o(p) = 3*p**3 + 2*p**2 - 2*p - 76. Let j(a) = -5*o(a) + 2*w(a). What is the units digit of j(0)?
4
Let w = -45 + 246. What is the hundreds digit of w?
2
Suppose 0 = -c + 5*c. Suppose 52 = k - 4*y - c*y, -37 = -k + y. Let w = 10 + k. What is the units digit of w?
2
Let q(a) = 72*a - 482. What is the hundreds digit of q(21)?
0
Let s be (-548)/(-7) + (-6)/21. Let w = s + -38. Suppose 0*h - w = -4*h. What is the units digit of h?
0
Let y = 83 - 80. Suppose -r + 30 = 5*m - 190, 0 = y*r - 3*m - 714. What is the hundreds digit of r?
2
Suppose 0 = 5*p + 5*h - 80, h = -5*p - 2*h + 72. Suppose p = 4*b + 2*o, 2*o = -2*b + 6 - 2. What is the units digit of b?
4
What is the tens digit of 3085/(-15)*(-10 + 7)?
1
Let h(d) = -20*d - 27. Suppose 0 = 10*r - 2*r + 40. What is the units digit of h(r)?
3
Suppose -4*y - 283 + 794 = 3*t, -4*t - 4*y = -680. What is the hundreds digit of t?
1
Suppose 26 = 5*j - 2*y, j - 5*y = -3*j + 14. Suppose i + j = -i, 0 = -2*l - 5*i + 179. What is the tens digit of l?
9
What is the thousands digit of ((-293)/(-2))/((7/(-70))/(-1))?
1
Let k(a) = 74*a**2 + 2*a - 2. Let m be k(1). Let o = -50 + m. Let x = 1 + o. What is the units digit of x?
5
Suppose 6*j + 910 = 9682. What is the hundreds digit of j?
4
Suppose -4*o - 40 = 4*v + 40, 0 = -5*v - 2*o - 88. What is the tens digit of 4/v - 97/(-4)?
2
Suppose d + 4 = -4*o, -2*d - 2*o + 5*o = 30. Let n be d + (1 + 0 - -3). What is the tens digit of (2/n)/(2/(-632))?
7
Suppose v - 4*i = 32 - 6, 17 = 2*v - i. Let n be 61 - 2/(v/(-3)). Suppose 3*g - g - n = 0. What is the tens digit of g?
3
Let t(h) = h**3 + 18*h**2 - 45*h - 61. What is the tens digit of t(-20)?
3
Suppose -w = 2*w - 3. Let i(o) = 16*o**2 + 2*o - 1. What is the units digit of i(w)?
7
Let r = 39 - 29. Let k be 8/r*10/4. Let q = 14 - k. What is the tens digit of q?
1
Let i(k) be the third derivative of -k**6/120 + 7*k**5/60 + k**4/3 - 3*k**3/2 - 3*k**2. Let q be i(7). Suppose -13 - q = -5*c. What is the units digit of c?
2
Let d(a) = 29*a + 30. Suppose -n - h + 1 = -7, -5*n = -5*h + 10. What is the tens digit of d(n)?
1
Suppose 3*v = -4*c + 423, 0*c = 2*c - 2*v - 194. Suppose -3*d - o = o - 161, -2*d = -4*o - c. What is the units digit of d?
3
Suppose -183 - 902 = -7*k. What is the units digit of k?
5
Suppose -7*d + 198 + 621 = 0. Suppose u = 3 + d. What is the units digit of u?
0
Let u(b) = 342*b + 15. Let z be u(4). What is the tens digit of 6/36 + z/18?
7
Let i = 1 - 1. Suppose -3*t = f + 3, i = 2*f - 4*t - 30 - 14. What is the tens digit of f?
1
Suppose -d + 49 = 3*s - 220, 0 = -2*s - 2*d + 178. What is the units digit of (-1 + 11)*1044/s?
6
Suppose -3*q + 3542 = -820. What is the thousands digit of q?
1
Suppose -2*f + 104 = 2*p, 2*f - 2*p = 6*f - 214. Let y = f + -49. What is the units digit of y?
6
Let i be (2 + (-12)/4)*-83. Let z = -27 + i. What is the units digit of z?
6
Let l be (-6)/(-15) - 36/(-10). Suppose 5*o = -3*j + 264, 0 = -l*j + o - 2*o + 369. What is the tens digit of j?
9
Let n(y) = -y**2 + 11*y + 819. What is the tens digit of n(0)?
1
Suppose 2*j = 7*j + 15. Let c be -2*5*(-15)/j. Let k = -34 - c. What is the tens digit of k?
1
Suppose -876*l = -872*l - 7132. What is the units digit of l?
3
Let l = -20 + 24. Suppose 4*w - 2*v - 296 = 0, 2*v = l*w - v - 294. What is the tens digit of w?
7
Let k(w) = 66*w**3 - 5*w**2 - 7*w - 8. Let p = -33 + 29. Let d be k(p). What is the tens digit of d/(-90) - (-3)/(-5)?
4
What is the tens digit of (8 - 44/6)*(373 + -1)?
4
Suppose -7*z + 4*z - 1531 = -5*k, 4*z = -8. What is the hundreds digit of k?
3
Let f be 7967/31 - (2 - 0). Suppose 3*v + 14*v - f = 0. What is the tens digit of v?
1
Suppose -4*v + 18 + 6 = 0. What is the tens digit of v/(-2)*(-3 - (-545)/(-15))?
1
Let j be (-4)/6*18/(-4). Suppose -4*o = -j*b + 152 - 30, -2*b = -5*o - 79. Suppose 0 = -2*s + 8 + b. What is the tens digit of s?
2
Let i = -32 + 32. Suppose -268 = -3*t - i*t - 2*p, 0 = -5*t + 4*p + 410. What is the units digit of t?
6
Let j(o) = 2*o + 11. Suppose -6*h = -125 + 23. What is the tens digit of j(h)?
4
Let o(i) = -i**3 + 30*i**2 - 52*i + 125. What is the units digit of o(20)?
5
Let v(r) = 13*r + 12. Let d be (-5*2)/(15 + -17). What is the tens digit of v(d)?
7
Let l = -72 + 92. Let i(r) = -r**2 + 27*r - 26. What is the units digit of i(l)?
4
Suppose 2*q - 5*x + 4 = -0*q, 0 = 5*q - 4*x - 7. What is the tens digit of (14/q + -3)*9?
1
Let p(x) = 4*x**2 - 1. Suppose -1 = -2*y - 3. Let o be p(y). Suppose -o*u - 23 = -65. What is the tens digit of u?
1
Suppose -5*s + 2109 = -m, 2*m - 825 = -4*s + 851. Suppose 5*f + 195 = 2*i - s, 931 = 3*i - 4*f. What is the hundreds digit of i?
3
Let y(m) = -211*m - 47. What is the units digit of y(-2)?
5
Suppose -87 = 4*h - b + 2*b, 5*h = -3*b - 114. Let g be (-24)/h*(-14)/(-4). Let u = 2 + g. What is the units digit of u?
6
Suppose -210 = -0*x + 6*x. Let g(m) = m**2 - 5*m - 3. Let a be g(5). Let p = a - x. What is the tens digit of p?
3
Let y be 9/3*3/(-9). Let m = y + 1. Suppose m = -4*h - 0*h + 56. What is the units digit of h?
4
Let t(v) = -v + v**2 + 6*v**2 - 5*v**2 - 2. What is the units digit of t(-2)?
8
What is the hundreds digit of ((-31980)/(-50))/1 + (-3)/5?
6
Let a = -1 + 348. What is the hundreds digit of a?
3
Suppose -4*n - 3*h + 1706 = 0, 5*n - 3527 = -2*h - 1398. What is the hundreds digit of n?
4
Let s(f) = -245*f - 323. What is the units digit of s(-12)?
7
Suppose -3*o + 27*n = 31*n - 11935, 2*o = n + 7953. What is the units digit of o?
7
Suppose -2*i + 24 = -0*i. Let a(d) = d - 4. Let c be a(i). What is the units digit of (8/(-6))/(c/(-12))?
2
Let d be 10/4 + 51/34. Suppose -4*l + 228 = d*w, -3*w + 3*l = l - 166. Suppose 5*c - c - w = 0. What is the tens digit of c?
1
Let h(g) = 166*g**3 + 3*g + 2. Let c be h(-1). Let i = 237 + c. What is the units digit of i?
0
Let o = 47 + -45. Suppose -3*h + 473 = -2*m, 0*h + 5*m + 308 = o*h. What is the tens digit of h?
5
Let z(y) be the third derivative of y**5/20 + y**4/4 + y**3 - 3*y**2. Let j be z(-4). Let p = 1 + j. What is the units digit of p?
1
Suppose -281*f - 3630 = -286*f. What is the tens digit of f?
2
What is the hundreds digit of 3/(15/4)*22555/26?
6
What is the tens digit of (8343/45 + 8)*5?
6
Suppose -3180 = -g + 4*m, -3*g - 5*m + 5593 = -3930. What is the thousands digit of g?
3
Let k be 0 + (2 - (1 - -1)) + 3. What is the tens digit of k - (-4 - 129/1)?
3
Let d = -2 + -9. Suppose -2*p + 24 - 6 = 0. What is the tens digit of 4*p/(-12)*d?
3
Suppose 7*k - 30 = k. What is the units digit of k + 789/18 - (-2)/12?
9
Let x(v) = -2*v + 34. What is the tens digit of x(4)?
2
What is the hundreds digit of ((-13)/65*188)/(2/(-65))?
2
Let l = -95 - -97. What is the hundreds digit of (1542/(-9) + l)*(-15)/10?
2
Suppose 0 = w - 0*f - 5*f - 20, -w - 3*f + 4 = 0. Let o be 1/2 + 15/w. Let m(a) = 6*a**3 + a. What is the units digit of m(o)?
0
Suppose -56*g + 6512 = -34*g. What is the hundreds digit of g?
2
Let v be (-1)/(-2)*0/(-1 + 6). Suppose 3*a - g - 485 = v, 3*a - 257 - 222 = -2*g. What is the units digit of a?
1
Let o = 17 - 1. Suppose -v + 5*v + o = 0. What is the units digit of 6/v + (-140)/(-8)?
6
Suppose 2*d - s + 2 = -3*s, 0 = 5*s + 25. Let y = 5 - d. Suppose 29 = c + y. What is the tens digit of c?
2
Suppose -14*q + 4*q - 40 = 0. Let y = q + 38. What is the tens digit of y?
3
Let q(v) = -v**3 - 4*v**2 - 19*v + 9. What is the units digit of q(-7)?
9
Let a(k) = -5*k**2 - 108*k - 38. What is the hundreds digit of a(-18)?
2
Let i = 31 - 26. Suppose i*m - 370 = -0*m. Suppose 3*p - 3*f - 72 = 0, -m = -0*p - 3*p + 5*f. What is the units digit of p?
3
Suppose -z = -2*k + z - 26, -2*k - 2*z = 10. What is the units digit of ((-12)/k)/(-2)*-3?
2
Let f be (9 - -1)/(8/12). Let o = f + -5. Let k(d) = -d**3 + 10*d**2 + 3*d - 14. What is the tens digit of k(o)?
1
Let r(t) = t**3 - 5*t**2 + 3*t - 41. What is the units digit of r(9)?